*r**2 + 127*r - 196. What is h(16)?
-724
Let c(a) = 16*a**2 - 1886*a + 164. What is c(118)?
400
Let p(b) = 343*b + 68146. Calculate p(-197).
575
Let b(s) = 184*s - 34760. What is b(189)?
16
Let n(r) = -1965248*r - 10. Calculate n(0).
-10
Let c(l) = 179*l**2 - 89*l - 91. Determine c(-1).
177
Let z(c) = -c**3 - 7*c**2 + 22*c + 133. Determine z(-11).
375
Let h(b) = -b**3 + 62*b**2 - 557*b + 43824. Determine h(64).
-16
Let q(v) = v**2 - 4733*v - 99907. Calculate q(-21).
-73
Let t(j) = 6*j**3 - 983*j**2 - 22276*j + 2221. What is t(184)?
13
Let h(v) = -2*v**3 - 198*v**2 - 751*v + 686. Determine h(-95).
-169
Let k(h) = 20477*h - 14804865. Determine k(723).
6
Let z(f) = -f**3 - 67*f**2 - 809*f + 298. What is z(-51)?
-59
Let c(s) = -1409*s + 634087. Determine c(450).
37
Let m(z) = -319*z + 23381. Determine m(73).
94
Let s(x) = -3*x**2 - 797*x + 4886. Calculate s(6).
-4
Let z(r) = -4319*r + 4786. Calculate z(1).
467
Let c(t) = 1292*t + 11727. What is c(-9)?
99
Let r(b) = 7389*b - 3265934. Give r(442).
4
Let d(m) = m**3 - 105*m**2 - 1348*m + 8353. Give d(116).
1
Let c(q) = -179844*q - 3057337. Give c(-17).
11
Let y(x) = -3683*x**2 + 25712*x + 516. Give y(7).
33
Let y(l) = -43*l**2 - 513*l + 139. Give y(-12).
103
Let k(x) = -x**3 - 21*x**2 - 60*x + 40. Calculate k(-8).
-312
Let k(n) = 413*n + 51375. Calculate k(-125).
-250
Let t(d) = -d**3 + 50*d**2 + 191*d - 81. Determine t(53).
1615
Let p(u) = 7*u**3 + 2*u**2 + 183*u + 1735. Calculate p(-5).
-5
Let i(k) = -k**3 + 4*k**2 + 5523*k - 43923. Calculate i(8).
5
Let n(j) = 4*j**2 + 27*j - 2973. Determine n(24).
-21
Let z(w) = -3309*w + 99250. Calculate z(30).
-20
Let r(o) = 1582719*o + 14. What is r(0)?
14
Let n(j) = -485*j + 10802. What is n(34)?
-5688
Let v(g) = 12157*g - 316286. Give v(26).
-204
Let t(q) = -1388*q - 15272. Calculate t(-11).
-4
Let r(z) = 3*z**3 - 200*z**2 + 563*z - 15469. Calculate r(65).
1
Let p(a) = 172555*a + 345105. Give p(-2).
-5
Let b(o) = o**3 + 245*o**2 + 1895*o + 11. Calculate b(-8).
19
Let g(q) = -2647*q - 15896. Calculate g(-6).
-14
Let c(z) = -77226*z - 5560273. What is c(-72)?
-1
Let h(u) = 326*u**2 + 41*u + 89. Calculate h(-2).
1311
Let x(n) = -n**3 + 92*n**2 - 746*n + 35. What is x(83)?
118
Let y(n) = -2*n**3 + 53*n**2 - 79*n - 337. Give y(24).
647
Let h(y) = y**3 - 128*y**2 + 3948*y + 8505. Determine h(69).
18
Let s(n) = -2*n**3 - 509*n**2 - 1015*n - 13. Calculate s(-2).
-3
Let k(g) = g**3 + 149*g**2 - 6017*g - 880029. What is k(-150)?
21
Let n(b) = 4410*b + 35421. What is n(-8)?
141
Let n(i) = 5*i**3 + 40*i**2 + 56*i - 164. Calculate n(-6).
-140
Let t(v) = -2*v**2 - 484240*v + 5811159. What is t(12)?
-9
Let s(y) = 8978979*y - 53873855. Give s(6).
19
Let s(b) = -142*b**2 - 3516*b - 3514. Give s(-1).
-140
Let f(r) = -2*r**2 + 271*r + 18530. Calculate f(185).
215
Let j(f) = -2*f**3 + 78*f**2 - 130*f + 1915. Give j(38).
-137
Let z(l) = -30458*l + 91380. Determine z(3).
6
Let m(a) = -157249*a + 786247. Give m(5).
2
Let u(o) = 57*o**3 + 2560*o**2 - 201*o + 1080. Calculate u(-45).
0
Let j(w) = 3*w**2 + 3*w - 828. What is j(22)?
690
Let q(r) = -r**3 - 92*r**2 - 2109*r + 142. Determine q(-48).
-2
Let t(y) = 150631*y - 13104911. Calculate t(87).
-14
Let p(u) = u**3 + 44*u**2 - 212*u + 14. What is p(-48)?
974
Let j(b) = -93217*b + 3542259. What is j(38)?
13
Let r(x) = -14*x**2 + 1086*x - 467. Calculate r(77).
149
Let m(x) = 2*x**3 - 199*x**2 + 1404*x + 485. What is m(8)?
5
Let x(m) = -49*m**2 - 1852*m + 139. Determine x(-38).
-241
Let j(u) = 24*u**2 - 2576*u - 65. Calculate j(107).
-921
Let f(x) = 16*x**2 - 4330*x - 1548. Give f(271).
78
Let b(t) = -596*t - 4589. What is b(-6)?
-1013
Let j(w) = 4019*w**2 - 80379*w + 1. What is j(20)?
21
Let h(y) = 925*y**2 + 49031*y + 326. Determine h(-53).
8
Let z(f) = -3*f**2 + 20*f + 146. Determine z(9).
83
Let f(h) = -2*h**3 + 5504*h**2 - 16503*h + 24735. Give f(2749).
-6
Let c(v) = -v**3 + 55*v**2 - 325*v + 121. Give c(49).
-1398
Let b(g) = -177*g - 5384. What is b(-29)?
-251
Let i(k) = -325*k**2 + 27*k - 116. Calculate i(0).
-116
Let n(o) = -74456*o + 2233677. Give n(30).
-3
Let k(m) = -6*m**2 + 641*m + 109. Determine k(107).
2
Let k(i) = 922*i**2 + 3749*i - 19. Give k(-4).
-263
Let g(l) = -104*l**3 + 9986*l**2 - 155*l - 3446. Determine g(96).
106
Let q(s) = -s**3 - 7*s**2 + 21*s + 213. Give q(-7).
66
Let q(h) = 42581*h + 340719. Calculate q(-8).
71
Let r(y) = -5423*y + 32463. Calculate r(6).
-75
Let y(g) = 15*g**2 + 2601*g - 179. Give y(-173).
-1217
Let m(x) = 135755*x - 5022911. What is m(37)?
24
Let w(t) = -12*t**2 - 358*t + 1080. Determine w(3).
-102
Let d(t) = 8*t**3 + 183*t**2 + 59*t - 2091. Calculate d(-22).
-1
Let l(d) = 943*d**2 - 9437*d + 30. Calculate l(10).
-40
Let s(x) = 719*x - 49600. What is s(69)?
11
Let g(s) = 19*s**2 - 404*s + 17. Determine g(17).
-1360
Let i(g) = g**2 - 2313*g + 30054. Give i(13).
154
Let a(i) = i**2 + 6733*i + 40367. What is a(-6)?
5
Let r(k) = -32758*k + 6879185. Give r(210).
5
Let p(l) = 31*l**2 - 437*l - 120. Determine p(-5).
2840
Let j(o) = 303*o - 2124. Calculate j(8).
300
Let d(u) = -u**3 - 302*u**2 + 4137*u - 518. Determine d(13).
28
Let l(u) = 3737*u**2 + 2978389*u + 1. Calculate l(-797).
1
Let c(q) = q**3 - 96*q**2 + 190*q - 264. What is c(94)?
-76
Let n(k) = -665*k**2 - 7311*k + 5. What is n(-11)?
-39
Let t(f) = -f**3 - 100*f**2 - 843*f + 470. Determine t(-91).
2654
Let v(q) = -1142*q**3 - q**2 - 1067*q + 1069. Calculate v(1).
-1141
Let m(j) = 91*j**2 + 3687*j - 13948. Give m(-44).
0
Let g(j) = -8*j**3 + 61*j**2 - 262*j - 6. Determine g(4).
-590
Let r(p) = 5*p**2 + 55*p - 662. Determine r(7).
-32
Let v(x) = -2*x**2 - 3121*x - 821056. Determine v(-335).
29
Let o(x) = 4*x**2 + 26984*x + 1126268. Determine o(-42).
-4
Let k(y) = -69397*y - 971535. Give k(-14).
23
Let i(g) = 7*g**2 - 13284*g + 132158. What is i(10)?
18
Let d(s) = 13*s**2 - 816*s + 79. What is d(63)?
268
Let i(s) = 247*s + 8882. Calculate i(-37).
-257
Let b(g) = g**3 + 5*g**2 + 5*g + 84. Determine b(0).
84
Let u(f) = 3*f**3 - 2149*f**2 - 6479*f - 31. Calculate u(-3).
-16
Let z(c) = 5371*c**2 - 5378*c - 5. Determine z(1).
-12
Let q(h) = -h**3 - 13*h**2 + 23*h + 330. What is q(-10)?
-200
Let f(r) = 611*r - 223501. Give f(364).
-1097
Let h(b) = 5*b**2 + 263*b - 17385. Determine h(39).
477
Let w(t) = -13*t + 565. What is w(46)?
-33
Let s(w) = w**2 - 1762*w + 19065. What is s(11)?
-196
Let d(t) = 1841*t - 20365. Give d(11).
-114
Let u(x) = -2*x**3 - 238*x**2 - 49*x - 5690. Determine u(-119).
141
Let a(d) = -25*d**3 - 12*d**2 - 18*d - 48. Determine a(-3).
573
Let w(x) = 17*x**2 - 2*x + 6. Determine w(-2).
78
Let g(b) = 564*b + 10145. What is g(-22)?
-2263
Let w(f) = 367*f**2 + 6967*f + 89. Determine w(-19).
203
Let f(o) = o**2 - 181*o + 2314. Determine f(167).
-24
Let v(u) = -8*u**2 - 258*u - 2472. What is v(-12)?
-528
Let b(n) = -n**2 + 35043*n - 980421. What is b(28)?
-1
Let z(y) = -6*y**3 + 35*y**2 - 136*y - 6. What is z(3)?
-261
Let u(a) = -44*a**2 - 57*a - 13. Calculate u(1).
-114
Let d(q) = -q**3 + 273*q**2 - 1489*q + 39853. Determine d(268).
-79
Let b(i) = -i**3 + 286*i**2 - 16351*i - 412. Give b(207).
2
Let o(m) = -31916*m - 31916. What is o(-1)?
0
Let z(c) = 14*c**2 - 1016*c + 11988. Calculate z(15).
-102
Let t(i) = 2*i**2 + 45938*i - 643527. Determine t(14).
-3
Let m(d) = 12*d**3 - 4029*d**2 - 1036*d + 9428. Calculate m(336).
20
Let j(l) = -l**3 - 1640*l**2 - 6545*l - 14. Give j(-4).
-10
Let q(n) = -2*n**2 + 3368*n - 23499. Calculate q(7).
-21
Let j(a) = 6*a**2 + 44*a - 118. Give j(21).
3452
Let b(k) = -k**3 + 12*k**2 - 100*k + 2304. What is b(16)?
-320
Let x(c) = -916*c**2 - 3733*c - 210. Calculate x(-4).
66
Let n(b) = 11*b**2 - 382*b + 2406. Calculate n(8).
54
Let b(y) = -14*y**2 - 280*y - 51. Calculate b(0).
-51
Let d(p) = 11*p**3 - 16*p**2 - 27*p + 7. Give d(-3).
-353
Let v(d) = d**3 + 83*d**2 + 1458*d - 35. What is v(-25)?
-235
Let w(f) = -2391*f - 2374. Calculate w(-1).
17
Let i(g) = -2*g**2 - 177*g + 16805. What is i(-146)?
15
Let x(y) = -9*y**3 - 51*y**2 + 5*y + 11. Calculate x(-5).
-164
Let x(d) = -32*d**2 - 4024*d - 72360. Give x(-104).
24
Let l(x) = -273*x - 1957. What is l(-8)?
227
Let u(k) = 4*k**2 + 511*k - 494. What is u(1)?
21
Let j(p) = -5*p**2 - 3733*p - 7469. What is j(-2)?
-23
Let u(o) = 2*o**3 - 161*o**2 - 68